 the highest common factor of 8685 and 15?
15
Calculate the highest common factor of 205 and 451.
41
Calculate the greatest common factor of 770 and 990.
110
What is the highest common divisor of 174 and 6?
6
What is the highest common factor of 1936 and 176?
176
Calculate the highest common divisor of 8020 and 260.
20
What is the greatest common divisor of 16485 and 105?
105
Calculate the greatest common divisor of 913 and 121.
11
Calculate the highest common factor of 285 and 915.
15
What is the greatest common factor of 48 and 176?
16
Calculate the greatest common divisor of 16 and 1592.
8
Calculate the greatest common factor of 2788 and 68.
68
What is the greatest common factor of 327 and 18203?
109
What is the greatest common divisor of 6771 and 37?
37
What is the greatest common divisor of 2148 and 24?
12
Calculate the highest common divisor of 24 and 2496.
24
Calculate the greatest common factor of 689 and 91.
13
Calculate the greatest common factor of 344 and 258.
86
What is the highest common divisor of 636 and 168?
12
Calculate the greatest common factor of 14 and 70.
14
What is the greatest common factor of 27 and 675?
27
Calculate the greatest common factor of 264 and 33.
33
What is the greatest common divisor of 168 and 231?
21
What is the highest common factor of 8 and 4316?
4
Calculate the greatest common divisor of 5574 and 15.
3
What is the highest common divisor of 40 and 13960?
40
What is the greatest common divisor of 4015 and 73?
73
Calculate the greatest common divisor of 4459 and 104.
13
Calculate the greatest common factor of 27 and 3.
3
What is the greatest common divisor of 1239 and 3363?
177
What is the highest common factor of 9 and 11871?
9
Calculate the greatest common factor of 35 and 10.
5
What is the greatest common factor of 24 and 78?
6
Calculate the highest common factor of 32 and 624.
16
Calculate the greatest common factor of 13207 and 235.
47
What is the highest common factor of 312 and 39?
39
What is the highest common factor of 16 and 3748?
4
Calculate the greatest common divisor of 3082 and 268.
134
Calculate the greatest common divisor of 1392 and 528.
48
Calculate the greatest common factor of 216 and 270.
54
What is the greatest common divisor of 1302 and 2?
2
Calculate the greatest common factor of 2100 and 1596.
84
Calculate the greatest common divisor of 576 and 180.
36
What is the greatest common divisor of 512 and 16256?
128
What is the highest common factor of 3596 and 928?
116
Calculate the highest common factor of 406 and 182.
14
Calculate the greatest common factor of 56254 and 22.
22
Calculate the highest common divisor of 23 and 299.
23
Calculate the greatest common factor of 66 and 18.
6
What is the highest common divisor of 81 and 837?
27
What is the highest common divisor of 1004 and 4?
4
What is the greatest common factor of 270 and 720?
90
Calculate the greatest common factor of 30 and 45.
15
Calculate the highest common factor of 35568 and 36.
36
Calculate the highest common factor of 136 and 8.
8
What is the greatest common divisor of 183 and 6?
3
What is the greatest common factor of 234 and 60?
6
What is the highest common factor of 12050 and 30?
10
What is the greatest common divisor of 7453 and 771?
257
Calculate the greatest common factor of 306 and 34.
34
Calculate the highest common factor of 66 and 66.
66
Calculate the highest common factor of 16 and 2104.
8
What is the highest common factor of 15 and 135?
15
Calculate the highest common divisor of 69 and 1817.
23
What is the greatest common factor of 188 and 236?
4
Calculate the highest common divisor of 330 and 638.
22
Calculate the highest common factor of 258 and 138.
6
What is the greatest common divisor of 315 and 175?
35
Calculate the greatest common divisor of 260 and 10530.
130
Calculate the highest common divisor of 48 and 5808.
48
What is the highest common factor of 508 and 10922?
254
Calculate the highest common divisor of 159 and 3.
3
What is the highest common factor of 68 and 51?
17
What is the highest common factor of 238 and 34?
34
Calculate the highest common divisor of 348 and 12963.
87
What is the highest common factor of 375 and 9?
3
What is the highest common divisor of 30 and 6?
6
Calculate the greatest common divisor of 20 and 20380.
20
What is the highest common divisor of 8 and 2?
2
Calculate the highest common divisor of 65 and 13.
13
Calculate the greatest common divisor of 779 and 369.
41
What is the highest common divisor of 180 and 5460?
60
What is the greatest common factor of 25 and 325?
25
What is the highest common factor of 28 and 644?
28
What is the greatest common factor of 306 and 170?
34
Calculate the greatest common divisor of 891 and 2025.
81
Calculate the highest common factor of 3127 and 59.
59
What is the highest common divisor of 371 and 7?
7
Calculate the highest common factor of 123 and 164.
41
Calculate the greatest common divisor of 98 and 448.
14
What is the greatest common divisor of 42 and 294?
42
Calculate the greatest common divisor of 2730 and 312.
78
What is the highest common factor of 2923 and 259?
37
What is the greatest common factor of 692 and 3806?
346
Calculate the highest common divisor of 18683 and 119.
119
What is the highest common divisor of 75 and 13425?
75
What is the highest common factor of 14 and 721?
7
Calculate the highest common divisor of 24 and 104.
8
What is the greatest common factor of 2133 and 158?
79
What is the highest common factor of 2585 and 110?
55
What is the greatest common divisor of 22496 and 16?
16
Calculate the highest common divisor of 27 and 9.
9
Calculate the highest common divisor of 920 and 8.
8
What is the greatest common factor of 6586 and 356?
178
Calculate the greatest common divisor of 55 and 1265.
55
Calculate the highest common divisor of 168 and 3759.
21
What is the greatest common divisor of 44 and 242?
22
What is the greatest common factor of 3360 and 35?
35
Calculate the highest common divisor of 650 and 50.
50
Calculate the highest common divisor of 23 and 506.
23
Calculate the highest common factor of 55 and 231.
11
What is the highest common factor of 42 and 17206?
14
Calculate the highest common factor of 1081 and 6.
1
What is the highest common factor of 47 and 1457?
47
Calculate the greatest common divisor of 84 and 525.
21
Calculate the highest common divisor of 9 and 231.
3
What is the greatest common divisor of 64 and 64?
64
What is the greatest common factor of 43761 and 87?
87
Calculate the greatest common divisor of 28250 and 25.
25
Calculate the greatest common divisor of 330 and 375.
15
What is the greatest common divisor of 216 and 1026?
54
What is the greatest common factor of 252 and 72?
36
What is the greatest common factor of 23432 and 348?
116
Calculate the greatest common divisor of 1428 and 42.
42
Calculate the highest common divisor of 6 and 6.
6
What is the greatest common factor of 465 and 496?
31
What is the highest common factor of 2596 and 44?
44
Calculate the highest common divisor of 154 and 126.
14
What is the highest common factor of 136 and 40?
8
Calculate the greatest common divisor of 410 and 40.
10
Calculate the highest common factor of 108 and 72.
36
Calculate the greatest common divisor of 87 and 6554.
29
Calculate the highest common divisor of 217 and 899.
31
What is the highest common factor of 20 and 45?
5
Calculate the greatest common divisor of 63 and 441.
63
Calculate the greatest common divisor of 3597 and 11.
11
What is the highest common factor of 24 and 8?
8
Calculate the highest common divisor of 89 and 20737.
89
What is the greatest common factor of 288 and 84?
12
Calculate the greatest common divisor of 4 and 512.
4
Calculate the highest common factor of 12 and 1572.
12
What is the greatest common divisor of 248 and 8?
8
Calculate the greatest common factor of 23474 and 968.
242
What is the greatest common factor of 72 and 1566?
18
Calculate the highest common divisor of 380 and 76.
76
What is the greatest common factor of 9550 and 50?
50
What is the greatest common divisor of 6622 and 154?
154
What is the highest common divisor of 6 and 4?
2
Calculate the highest common divisor of 176 and 3762.
22
Calculate the highest common divisor of 800 and 192.
32
What 